third derivative of 13*u**6/120 - u**5/15 + u**4/12 + u**3/3 + 3*u**2. What is the tens digit of t(2)?
9
Let p(x) = x + 15. Let m be p(0). Let f(v) be the first derivative of -v**3/3 + 17*v**2/2 + 10*v - 12. What is the units digit of f(m)?
0
Let w(g) = 12 - 14 + 2*g**3 - 2*g - g**2 + 1 + 9. What is the units digit of w(2)?
6
Let y(c) be the second derivative of c**5/20 - c**4/2 + 5*c**2/2 - c. Let n be y(6). Suppose n*i + 48 + 42 = 4*p, -4*p + 72 = 4*i. What is the tens digit of p?
2
Let u(o) = -15*o + 9. Suppose 4*f = 3*v - 0 + 3, -3*f + 3*v + 6 = 0. What is the units digit of u(f)?
4
Let q be -9*(4/9)/(-2). Let t be (45/27)/(q/6). What is the units digit of (4 + (t - 4))/1?
5
Suppose 0 = -14*s + 136 + 4. What is the units digit of (12 - s)*(-20)/6*-6?
0
Let s(h) = -h + 1. Let y be s(-4). Suppose -4*u - 303 = -y*m, -3*m + 0*m + 181 = -2*u. What is the units digit of m?
9
Let f be 1 + (-1 - (-16)/1). Let d be (f/6)/((-12)/126). What is the units digit of (d/20)/(3/(-15))?
7
Let w = 172 - -391. What is the units digit of w?
3
What is the units digit of (-3515)/(-4) - 17/(-68)?
9
Suppose 442 = 10*p - 368. What is the units digit of p?
1
Let m(h) = h**2 - h - 7. Let p be m(5). Let g(f) = -13*f + 21*f - p*f. What is the tens digit of g(-3)?
1
Suppose -1538 = -g + 1652. What is the hundreds digit of g?
1
What is the units digit of (-1)/(-12)*4 - (-10140)/36?
2
Suppose 2*f = -p + 21, -4*f - 50 = -2*p - 0*f. What is the tens digit of p*((-4)/(-6) + (-2)/(-6))?
2
Suppose 0*z + 137 = c + 5*z, 0 = -4*c + 4*z + 500. What is the tens digit of c?
2
Suppose v - 19 = -17. Suppose 8 = -2*b + 2, f + v*b = -6. Suppose -4*j + 2*c = -34, -3*j + f*j = 4*c - 20. What is the units digit of j?
8
Let h = -59 + 29. Let g = 45 + h. What is the tens digit of g?
1
Let n(p) = p**3 + 5*p**2 + 5*p + 8. Let s be n(-4). What is the units digit of (-8 + -1)*(-5 + s)?
9
Let l = 523 - 71. What is the hundreds digit of l?
4
What is the units digit of 9 + 0 - -252 - -8?
9
Suppose -3*b - 49 = -2*r + 175, -2*r + 252 = 4*b. Let g = r + -51. Suppose 0 = -d + 4*m + 15, -2*m + 11 + g = 4*d. What is the tens digit of d?
1
Suppose 9*t - 13*t + 3*w = -5, -3*t + 20 = w. Suppose -6*x + 2266 = t*x. What is the hundreds digit of x?
2
Let h be 24 - -2*(-3)/2. Let q = h + -15. Suppose -q*d = -d - 15. What is the units digit of d?
3
Let u(i) = 3*i**2 - 28*i + 2. Let j be u(7). Let p = j + 118. What is the units digit of p?
1
Let x(n) be the first derivative of -10*n**2 + 38*n - 10. What is the hundreds digit of x(-6)?
1
Suppose 9*u + 13*u - 4070 = 0. What is the hundreds digit of u?
1
Let s = 233 - 143. What is the tens digit of -4 - (3*s)/(-2)?
3
Let f(q) = -2*q - 18. Let d(v) = v - 14. Let j be d(6). Let i be f(j). What is the units digit of 27/i*(-3 + 1)?
7
Suppose -17 = -3*c - a - 2, -5*c + 25 = -3*a. Suppose c*y = 2*g - 17, 13 = -g + 2*g - 4*y. Suppose 4*u = 4*z, -3*u - z = -5*u + g. What is the units digit of u?
1
Let x(v) = 92*v**2 - 4*v - 29. What is the hundreds digit of x(4)?
4
Suppose 2*g + 37 = 6*b - b, 0 = -b + 5*g + 12. Let n be -2 - -2 - (-28)/b. Suppose -n*q + 12 = -32. What is the tens digit of q?
1
Let w be 2/6 + (-80)/(-12). Suppose -4*v = -4*z + 108, 2*v = -w + 3. What is the units digit of z?
5
Let u be 8/6*3/2. Suppose 2*z - 268 = -4*a + 36, -u*z = -5*a + 371. Suppose 4*q + 19 = -1, -5*b + 5*q + a = 0. What is the tens digit of b?
1
Suppose -1124 = -6*o + 2*o - 2*w, 5*w = 4*o - 1138. What is the hundreds digit of o?
2
Let l be ((-12)/(-3) - 0) + 0. Suppose -l*t = p - 17, 5*t - p = -0*p + 19. What is the units digit of t?
4
Let l(q) = 16*q - 19. Let t be l(18). Suppose -121 - t = -5*c. What is the units digit of c?
8
What is the units digit of ((-10)/(-15))/(-2*1/(-1698))?
6
Let j be (2 + 1 - 5) + (0 - 1). What is the tens digit of j*(-4)/(-36)*-321?
0
Let c(a) = 971*a + 39. What is the units digit of c(1)?
0
Let x be ((-4)/2)/(1 - 3). Let y = 5 - x. Suppose 4*w + p = w + 108, -y*p = -5*w + 180. What is the tens digit of w?
3
Let z be (-452)/(-10)*-3*(-160)/48. Let q = z + -222. What is the units digit of q?
0
Suppose 4*h + h - 10943 = -4*w, 0 = 3*w - h - 8231. What is the thousands digit of w?
2
Let v(m) = -m**3 + 5*m**2 - 5*m + 3. Let i be v(3). Suppose -8*p + i*p = -6. What is the units digit of -3 + 3 - (-6)/p?
2
Suppose -4*t + 36 = -3*w - w, 3*t = -3*w + 27. Let k = t - 9. Suppose 44 = 4*l - c - k*c, 4*c = 4*l - 56. What is the units digit of l?
0
What is the units digit of (70/(10/(-5)))/((-1)/43)?
5
What is the tens digit of (-5 - (-645 - -1)) + 0?
3
Let i(l) = -l**2 + 4*l - 4. Let d be i(3). Let u be (-2 + 4)/((-5)/(-15)). What is the units digit of 0 - d - (-12)/u?
3
Suppose -4*f + 15 = f. Suppose g - 172 = -2*g - i, -12 = -f*i. What is the tens digit of g?
5
Let t = 4110 - 2259. What is the thousands digit of t?
1
Suppose 0 = -5*x - 2*j + 5*j - 2112, -2*j = -4*x - 1688. What is the units digit of (3/4)/((-63)/x)?
5
Let q = 99 - 98. Let f(o) = 161*o**2 - 9*o + 10. What is the hundreds digit of f(q)?
1
Let m(k) = 101*k**2 - 5*k + 15. What is the units digit of m(4)?
1
Let i = 9 - 5. Suppose -i*v = 6*p - 3*p + 38, -p + v = 1. What is the tens digit of (-34)/p*(7 + -4)?
1
Suppose 7*q - q - 918 = 0. Let g = -21 + q. What is the tens digit of g?
3
Suppose 26 - 2 = -4*p. Let d be -2 + p/(0 + -1). Suppose 0*q = 2*r - 5*q - 37, -29 = -d*r - 5*q. What is the tens digit of r?
1
Let i = 83 - 56. Let s be 4/18 - (-4638)/i. Suppose -4*n = -5*a - s, -2*n - 54 = -3*n + 4*a. What is the units digit of n?
8
Suppose -228 = -516*t + 512*t. What is the tens digit of t?
5
Let f = 684 - 1252. What is the tens digit of 1/5 + f/(-10)?
5
Suppose -u - 3811 = -2*w, -9 = u - 10. What is the tens digit of w?
0
Let r = 64 + -100. What is the units digit of (r/(-10))/((-2656)/(-440) - 6)?
9
Let l be -1 - (3 + 8/(-2)). Suppose 2*h - 8 = -0*h - o, 3*h - 4*o - 1 = 0. Suppose l = 6*r - h*r - 18. What is the units digit of r?
6
Suppose 2*c = 156 + 566. What is the hundreds digit of c?
3
Suppose -20*z = -24*z. Suppose -4 = -2*p - 2, z = f - 5*p - 124. What is the tens digit of f?
2
Let k(b) = b**3 - 11*b**2 - 11*b - 12. Suppose -q + 6 = -6. Let r be k(q). Suppose 4*j - 62 = s + 2*s, r = s + 2. What is the units digit of j?
4
Suppose 0 = 5*n + 392 - 417, -s - n + 4330 = 0. What is the units digit of s?
5
Let j(u) = 7*u**2 + u - 6. Let b(z) = -7*z**2 - z + 6. Let y(w) = 3*b(w) + 4*j(w). What is the tens digit of y(3)?
6
Let l be 0 - (-1 + -3 + 145). Let b = -70 - l. What is the units digit of b?
1
Suppose -3 = w - 5*h - 0, 60 = -4*w + 4*h. What is the tens digit of 15 + w + (-206)/(-2)?
0
Suppose -2*i - 4 = 2*i. What is the tens digit of (-72)/i - (1 - 5)?
7
Let m(u) = -543*u - 1. Let o be m(-1). Suppose 0 = -2*i - t + 352, o = -0*i + 3*i + 5*t. What is the units digit of i?
4
Suppose 0 = -5*b - 3*i + 26, -i - 14 = -3*b - 4. What is the units digit of ((-1)/4 - b/16)*-184?
2
Suppose 8 - 23 = 5*o - r, -5*o + 3*r = 5. Let h(j) = -18*j - 15. What is the units digit of h(o)?
7
Suppose 5*y + 157 = -223. Let a = y + 116. What is the units digit of a?
0
Let s(l) = 67*l**2 - 35*l - 11. What is the hundreds digit of s(-6)?
6
Let n(i) = 2*i - 9. Let x(k) = 2*k - 9. Let w(m) = -2*n(m) + 3*x(m). Let a be w(7). Suppose 0 = l - 45 - a. What is the units digit of l?
0
Suppose 3*x - 250 + 235 = 0. Suppose -3*q = -4*g + 295, x*g + q - 368 = 4*q. What is the units digit of g?
3
Suppose -25*p + 2189 = -2186. Let m(l) = l**3 + 2*l**2 - 4*l + 1. Let v be m(-3). Suppose -p = -v*j - j. What is the tens digit of j?
3
Let t = -26 + 28. What is the units digit of t - -8 - (1 - -3)?
6
Let g(h) = 12*h**2 + 13*h - 98. What is the hundreds digit of g(9)?
9
Suppose 2*g + 3 = 4*a - 11, 5*a - 16 = 3*g. Let j = 7 - a. Suppose -3*l - 3*z - j*z = -73, 3*z = -l + 19. What is the units digit of l?
1
Let y = -132 + 93. Let l = -22 - y. What is the tens digit of l?
1
Let r(w) be the third derivative of w**5/40 + w**4/4 - 11*w**3/6 - 4*w**2. Let b(o) be the first derivative of r(o). What is the units digit of b(5)?
1
Let f(x) = -x**3 - x**2 + 12*x + 6. What is the hundreds digit of f(-6)?
1
Let p = -12 + 14. Let j(s) = 7 - 3*s**2 + 4*s**p - 5*s - 6. What is the tens digit of j(7)?
1
Suppose 15*k + 748 = i + 17*k, -4*i + 2992 = -k. What is t